Suppose -p*d + 54 = 3*d. What are the prime factors of d?
3
Let u(o) be the third derivative of o**4/6 - 3*o**2. What are the prime factors of u(15)?
2, 3, 5
Suppose 5*b - p + 3*p - 131 = 0, 5*b - 4*p - 113 = 0. Suppose 5*w = -0*w + b. What are the prime factors of (3/9)/(w/345)?
23
Let x be 86/(-6) - (-6)/18. Let f(y) = y + 1. Let c(p) = 6*p - 2. Let u(i) = -c(i) + 5*f(i). List the prime factors of u(x).
3, 7
Let t(m) = -5*m. Let l be t(-1). Suppose -l*u + 2*u = -87. List the prime factors of u.
29
Let z be (-1)/(-7) - 5/35. Let v be -3 - ((z - -3) + -165). Let r = v + -107. What are the prime factors of r?
2, 13
Suppose 0 = 29*v - 10*v + 3439. Let m = v + 275. What are the prime factors of m?
2, 47
Let g(z) = 420*z + 29. List the prime factors of g(10).
4229
Let t(k) be the first derivative of k**4/4 + 3*k**3 + 7*k**2/2 - 10*k + 4. Let q be t(-8). What are the prime factors of ((-12)/10)/(q/10)?
2, 3
Suppose r - 3*r = -286. Suppose 5*m - 317 = r. Let a = m - 60. List the prime factors of a.
2
Let l = 68 - 68. Suppose 4*k - 256 = -2*x + k, l = 2*x - k - 264. List the prime factors of x.
131
Suppose -60 = -5*j + 3*h - 8*h, 36 = 4*j - 2*h. Let w = -5 + j. Suppose 5*s + w*k = -0*s + 170, 127 = 4*s - 5*k. What are the prime factors of s?
3, 11
Let v(s) be the second derivative of -s**4/12 + s**2/2 + s. Let m be v(-1). Suppose m*y = -y + 14. List the prime factors of y.
2, 7
What are the prime factors of (0 - (-2)/(-7)) + 498212/469?
2, 3, 59
Let q = 228 + 1059. What are the prime factors of q?
3, 11, 13
Let s(n) = -n**3 - 14*n**2 + 15*n + 12. Suppose -4*u + 2*u = d + 27, -4*u + d = 63. List the prime factors of s(u).
2, 3
Suppose -19408 = -4*r + 4*p, -4*r + 15620 = -5*p - 3785. What are the prime factors of r?
5, 971
Suppose 3*s + 64 = -13*s. What are the prime factors of -1 + 153 - (-4 - s) - 2?
2, 3, 5
Let y = -432 + 618. Suppose y = 4*g - 106. What are the prime factors of g?
73
Let a(q) = 7*q**2 + 3*q + 3. Suppose -3*x - z - 3*z + 32 = 0, 2*z = x + 6. Let h = -6 + x. List the prime factors of a(h).
5
Suppose -p - u + 497 = 0, -3*u - 1187 = -2*p - 173. List the prime factors of p.
3, 167
Suppose -3 = -2*b + 5*k + 17, -b + 2*k + 9 = 0. Let x = b - 9. What are the prime factors of (-10)/x*92/10?
23
Let i be 2 + -1 + 1 + 0. Suppose 2*b + 0*q = 4*q, i*b - 3*q = 1. Suppose -b*s = -s - 18. What are the prime factors of s?
2, 3
Let b be (-26)/(-6) - 2/6. Let v(n) = -n**3 + n**2 - n - 1. Let k(i) = -5*i**3 + 7*i**2 - 11*i + 2. Let q(m) = -k(m) + 4*v(m). List the prime factors of q(b).
2, 19
Let v(n) = -n + 3. Let m(u) = 6*u - 3. Let z be m(5). Let r be -3*-3*(-12)/z. List the prime factors of v(r).
7
Suppose 5*x + 4*r = 521 - 122, 5*x - 431 = 4*r. Suppose 2*p = -y + x, 8*y - 3*y + 77 = 2*p. List the prime factors of p.
41
Suppose 5*a = 2*u + 1729, 0 = -12*u + 9*u + 9. What are the prime factors of a?
347
Suppose -7*t + 80 = -2*t + 2*v, -43 = -2*t - 3*v. Suppose -t = 4*p - 3*p. What are the prime factors of 4 - p - (-6)/(-3)?
2
Let x be (12/16)/((-2)/(-8)). Suppose j - 2*j = x*o + 18, 5*j + 4*o = -123. Let c = j + 46. What are the prime factors of c?
19
Suppose -10*i + 808 + 162 = 0. List the prime factors of i.
97
What are the prime factors of 297 + 1 + (-4 + -1 - -8)?
7, 43
Let a(o) = 222*o - 75. What are the prime factors of a(3)?
3, 197
Let b be 1*-4*18/(-8). Let k be (-24)/(-9)*(-513)/(-12) - 3. List the prime factors of k/b + (-4)/12.
2, 3
Let z = -8576 - -12396. What are the prime factors of z?
2, 5, 191
Suppose -1 = -2*u + 3. Let c = 4 + 6. Suppose -u*o + c = 2*k, 11 = o + 5*k - 6. List the prime factors of o.
2
Let s(p) = -10 + 3 + 0 + p**2. Let r be s(3). Suppose -3*x + 27 = 5*d - r*d, -5*d + 18 = -4*x. List the prime factors of d.
2, 3
Let q(n) = -2*n + 3. Let u be q(-9). Suppose -25 = -5*v - 2*d - 3*d, 3*v = -d + u. Let z = 7 + v. What are the prime factors of z?
3, 5
Suppose 4*c + 2*c = 618. Suppose 6*i + c = 715. List the prime factors of i.
2, 3, 17
Let i(b) = b**3 - 2*b + 1. Let k be i(1). Suppose 38 = -5*t - h, k = -2*t - 5*h + 1 - 30. Let s(j) = j**2 - j - 11. List the prime factors of s(t).
3, 5
Suppose -3 = u - 6. Let j = 0 + u. Suppose 0*n + j*n - 60 = 0. What are the prime factors of n?
2, 5
Suppose 1433 + 592 = 5*u. Let q = -206 + u. What are the prime factors of q?
199
Suppose -5*r + 188 = 4*s, -r - 3*s + 111 = 2*r. Suppose -r*a - 76 = -41*a. What are the prime factors of a?
2, 19
Let r = 2297 + -1579. List the prime factors of r.
2, 359
Let w be 229/(-4) - 39/52. Let n = w + 148. List the prime factors of n.
2, 3, 5
Suppose -3*y = -0*y - 612. Let g = -632 + 634. Suppose 4*c = -3*z + 158, -4*z - g*c = -0*c - y. List the prime factors of z.
2, 5
Suppose -467 = -5*a + s + 31, -2 = -s. Suppose -a = -6*h + 32. List the prime factors of h.
2, 11
Let s(d) = -d + 6. Let a be s(-5). Suppose 2*h = h + a. List the prime factors of h.
11
What are the prime factors of ((-44272)/(-32) - -10)/(3/4)?
2, 929
Suppose -p + 0*m - m + 231 = 0, -3*p + 703 = 5*m. List the prime factors of p + -1 + -1*(-11 - -8).
2, 3, 19
Suppose -3*l = l - 12. Suppose 4*i - 24 = l*p + p, -i + 33 = -4*p. Let q = 22 - p. What are the prime factors of q?
31
Let p be -2 + 25/15 - (-16)/3. Suppose -5*q = -p*v - 123 - 567, 4*v = -4*q + 512. List the prime factors of q.
7, 19
Suppose 0 = 2*l - f + 3, -3*l = 2*l + 3*f + 2. What are the prime factors of 2 - 40*2/l?
2, 41
Let d = -388 + 392. Suppose 0 = t + 2 - 4. Suppose -d*c = -t*c - 50. List the prime factors of c.
5
Suppose -10 = 6*s - 40. Suppose -316 = -s*w + 179. List the prime factors of w.
3, 11
Suppose -13*t = -12*t - 10. Suppose -z - t = -39. What are the prime factors of z?
29
Let f = 2204 + -1536. List the prime factors of f.
2, 167
Let r(v) = 4*v**2 + 16*v + 61. What are the prime factors of r(-7)?
5, 29
Suppose a = -5*m + 52, 2*m + 165 = 5*a - 203. Suppose -6*y = -4*y - 8. Suppose 0*u + 2*u = -3*h + a, -5*h = -y*u + 100. List the prime factors of u.
2, 3, 5
Let l(x) = -87*x + 8. What are the prime factors of l(-2)?
2, 7, 13
Suppose -3*f - n = -2*f - 2726, n + 8182 = 3*f. List the prime factors of f.
3, 101
Suppose j - 443 = -4*x, j = -0*j - 2*x + 447. Suppose -2*m = -v - j, -4*m + 433 = -2*m + 5*v. List the prime factors of m.
2, 7
List the prime factors of (-16)/(-1*(-5)/(-40)).
2
Let n = 8 - -62. Suppose -n = -3*g + 290. Suppose -g = -12*z + 7*z. List the prime factors of z.
2, 3
Let u be 2/4 - (-91)/26. Suppose u*w = -14 + 22. Suppose -4*r = -5*l - 154, -r + w*r + l = 43. What are the prime factors of r?
41
Suppose n = -3*w - 3 + 12, -2*n + 4*w = 2. Let b(h) = 163 + n*h - h + 0*h - 150. What are the prime factors of b(0)?
13
What are the prime factors of (2 + 4253)*(-51)/(-85)?
3, 23, 37
Let a(w) = 3*w**3 - 11*w**2 + 23*w - 37. List the prime factors of a(6).
353
Suppose 5*g = -106 + 916. Let n = -85 + g. List the prime factors of n.
7, 11
Let p(m) = -7*m + 43. What are the prime factors of p(-5)?
2, 3, 13
Let k(a) = 5 + 0 - 6 + 2 + 38*a. Let s be (2/(-6))/((-1)/3). What are the prime factors of k(s)?
3, 13
Let j(y) = 9*y. Suppose u + 2*z - 5 = 3*z, 0 = 3*u + z - 31. List the prime factors of j(u).
3
Let c be -2 - (6/7)/(1/7). What are the prime factors of (-3 - 1326/c) + (-3)/4?
2, 3
Suppose -3*x + 4428 = 3*c, 0 = -x - 3*x - 2*c + 5912. Suppose 41*i - 46*i = -x. List the prime factors of i.
2, 37
Let n = -34 - -34. Suppose 0 = 2*r + 3*r - 4*x - 245, n = x - 5. Suppose -u = -13 - r. List the prime factors of u.
2, 3, 11
Suppose 2*u = 2496 + 3954. What are the prime factors of u?
3, 5, 43
Suppose -6*u + 7866 = -21648. List the prime factors of u.
4919
Let o(n) = 3 + 64*n**2 + 4 - 60*n**2. List the prime factors of o(-4).
71
Let g(a) = a + 14 - 17*a + 6*a**2 + 3*a**2 + 2*a**2 + a**3. Let d(s) = -2*s**3 + s**2 - s + 2. Let v be d(2). What are the prime factors of g(v)?
2, 31
Let z = -39 - -36. List the prime factors of 30/9 - 3 - 131/z.
2, 11
Let q(i) = 2*i - 12. Let a be q(7). List the prime factors of 11/((a/8)/1).
2, 11
Let l be -1 + -3 + 2 + -117. Let r = 19 + -86. Let j = r - l. List the prime factors of j.
2, 13
Suppose 2*b = -5*u + 1901, 5*b - 6*u - 4700 = -u. List the prime factors of b.
23, 41
Let g = -16 - -20. Suppose g = 5*i - 6. Let o(c) = 6*c**3 - 2*c**2 + 1. What are the prime factors of o(i)